 16. Give l(j).
-9
Let p(b) = -14*b - 1. Let t be ((-6)/9)/(2/3). Let h(d) = -d**3 + d**2 - 1. Let f be h(t). Calculate p(f).
-15
Let a be ((-32)/(-6))/(8/12). Suppose 0 = 5*d + a + 17. Let c(w) = -1 + 1 - 2*w + 4*w + 6. Determine c(d).
-4
Let i(j) = -j**3 - 7*j**2 - 7*j - 9. Suppose -2*r + 101 = -23. Let w be 5/25 - r/10. Determine i(w).
-3
Let s(y) = -2*y - 4. Suppose 10 - 40 = 5*j. Let h = -3 - j. Suppose 2*r + h*x = 5*x - 6, 0 = -3*r + 4*x - 6. Give s(r).
8
Let g(q) = q**2 - 1. Let o(m) = 2*m**3 + m**2 + 2*m + 2. Let i be o(-1). Let s(d) = 3*d**3 - 3*d**2 + 5. Let t(r) = i*s(r) - 6*g(r). Calculate t(-2).
13
Let y(q) = 3*q - 8. Let t be y(4). Let b be (-1)/t*6*-4. Let c(l) = -b*l + 3*l - 8*l + 3*l. Give c(1).
-8
Let l(a) be the second derivative of a**5/20 - 3*a**4/4 - 3*a**2/2 - 7*a - 4. Calculate l(9).
-3
Let f(u) be the third derivative of -7*u**4/24 - 8*u**3/3 - 12*u**2. Let g(s) = -3*s - 8. Let x(n) = 2*f(n) - 5*g(n). Calculate x(0).
8
Let w(d) = d**2 + 8*d - 5. Let h be (1*-2)/(11 - 371/35). Determine w(h).
-20
Let q(j) = -j**2 - j + 2. Suppose -2 = -2*y - 4*w, 4*w = 2*y + 2*y - 28. Let o(m) = m - 10. Let d be o(y). Determine q(d).
-18
Let d(c) = c**2 - 5*c + 6. Suppose -36 = -5*u - b, -3*b + 7 = u - 3. Suppose z - t + u = 0, -t = -5*z + t - 32. Let y be (-18)/(-4) + 3/z. Determine d(y).
2
Let i(u) be the first derivative of -u**6/120 + u**5/30 + u**4/12 - 5*u**2 + 9. Let k(j) be the second derivative of i(j). Let f = -5 - -8. What is k(f)?
-3
Let h(q) = q + 5. Suppose 0 = 2*m - 36 - 58. Suppose 2*b - m + 59 = 0. Give h(b).
-1
Let j(k) = 5*k**2 + 39 - 12*k + 7*k - 18*k**3 - 46. Let i(x) = 10 + 11*x - x**2 - 4*x - 6*x**2 + 27*x**3. Let t(g) = 5*i(g) + 7*j(g). Give t(-1).
-8
Let k(y) = -11*y**2 - 3*y - 13. Let u be 8/(-1 - (1 + 0)). Let c(h) = -5*h**2 - 2*h - 6. Let a(i) = u*k(i) + 9*c(i). Calculate a(-3).
7
Let y(t) = 11*t - 1. Suppose 3*f + 10 = -v - v, 0 = 2*v - 3*f - 14. Calculate y(v).
10
Let a(r) = r**3 + r - 3. Suppose 3*o + 24*b - 21*b = -15, 15 = 4*o - 3*b. Give a(o).
-3
Let i(h) be the third derivative of -h**6/120 - h**4/12 + h**2. Suppose -4 = 7*s - 9*s. Determine i(s).
-12
Let b(g) = g + 11. Let p be -1 + 9 + (1 - 0). Let l(j) = -3 - 2*j - 1 - 8 - p. Let i(s) = 11*b(s) + 6*l(s). Determine i(0).
-5
Let h(m) = -1 + m**2 + 2*m - 363*m**3 + 359*m**3 - m. Calculate h(2).
-27
Suppose 77*v = 236 - 5. Let k(s) = 6*s**2 - 2*s - 1. Give k(v).
47
Let g(s) = -s**2 - 2*s. Suppose 0 = 2*v - 258 + 272. What is g(v)?
-35
Let l(h) be the third derivative of h**5/10 + h**3/6 + 2*h**2 - 3*h. Determine l(-1).
7
Let w(v) be the third derivative of v**4/6 - 4*v**3/3 + 148*v**2. Give w(7).
20
Let z(l) = -l**3 - 7*l**2 - 7*l + 2. Let q(a) = 4*a + 11. Let m(k) = -k. Let g(b) = -2. Let h(n) = g(n) + m(n). Let v be h(2). Let t be q(v). Calculate z(t).
-13
Let z(b) be the first derivative of -b**4/4 - 8*b**3/3 - 7*b**2/2 - 5*b - 75. Determine z(-7).
-5
Let v(y) be the first derivative of -5*y - 1/2*y**2 + 9. What is v(5)?
-10
Let t = -38 - -45. Let u(l) = 12 + 1 - 12 - t*l**2 - l. Calculate u(1).
-7
Let i(q) = q + 26. Let m be i(0). Let v = m + -24. Let d(k) = -9*k - 2 + 17*k + v. Give d(-2).
-16
Let u(v) be the first derivative of v**3/3 + 3*v**2/2 - v + 81. Let x = 4 - 0. Suppose -x*f + f + q + 9 = 0, -2*f + 2*q = -10. Give u(f).
9
Let z(b) be the second derivative of b**3/2 + 13*b**2 - 199*b. What is z(-7)?
5
Let u(o) = -o**2 - 5*o + 8. Let r(p) = p**3 - 8*p**2 - p + 8. Let i be r(8). Suppose -5*t + 10*t + 30 = i. Calculate u(t).
2
Suppose -1 = -5*s + 2*l, 4*s - 5*l + 9 = 3*s. Let o be ((-6)/15)/(s/10). Let i(a) = -14 + 0*a + 12 + 0*a + a. What is i(o)?
-6
Let j(a) be the second derivative of a**4/3 + a**3/6 + 15*a**2/2 + 8*a. Let v(c) be the first derivative of j(c). Calculate v(-1).
-7
Let t(j) = j**2 - 3*j - 3. Suppose 0 = 32*u - 27*u. Suppose -d + 4 = g, u = d - 3*g - g + 1. What is t(d)?
-3
Suppose 102*r - 12 = 96*r. Let j(k) be the first derivative of 4/3*k**3 + 7 + k**2 - r*k + 1/2*k**4. Give j(-2).
-6
Let u(f) be the second derivative of -f**6/120 - f**5/30 + 5*f**4/24 - f**3/3 - 3*f**2/2 - 2*f. Let l(z) be the first derivative of u(z). Calculate l(-4).
10
Let c(k) be the first derivative of 17*k**3/3 - 146. Give c(1).
17
Let c = 1 + -5. Let m(q) = 3*q**3 + 7*q**2 + 2*q - 1. Let g(k) = 7*k**3 + 15*k**2 + 3*k - 3. Let v(z) = -2*g(z) + 5*m(z). Calculate v(c).
1
Let y(b) = -b - 41. Let w(a) = 1. Let d(i) = w(i) - y(i). Give d(0).
42
Suppose -4*u - f + 37 = 0, 2*f = 2*u + 2*u - 22. Let s(m) be the first derivative of m**3/3 - 5*m**2 + 6*m - 5. Calculate s(u).
-10
Let n(o) = -o**3 + 6*o**2 + 7*o + 1. Let q be n(7). Let d(g) = q + 2 - g + 2. Give d(4).
1
Let k(j) = -3*j + 1. Let t(c) = -2*c + 1. Let m(r) = 3*k(r) - 4*t(r). Let p(v) = -v**3 + 11*v**2 - 10*v - 5. Let a be p(10). Calculate m(a).
4
Suppose -6*u - 142 + 160 = 0. Let q(t) be the second derivative of -t**5/20 + 5*t**4/12 - 2*t**3/3 + 2*t**2 - 5*t. Calculate q(u).
10
Let x(p) = 41 + 33 - 76 + p. What is x(-5)?
-7
Suppose -242 = -14*x + 192. Suppose 0 = 4*q - 3*q + 35. Let p = q + x. Let a(g) = -g**2 - g + 4. Calculate a(p).
-8
Let y(m) = 4*m**2 + m + 1. Let s(c) = 21*c**2 + 8. Let v(w) = s(w) - 5*y(w). Give v(5).
3
Let a(b) = -2*b - 3. Let l(c) = c**2 + 2*c - 10. Let g be l(-5). Let p be g*1*4/(-4). Calculate a(p).
7
Let z(d) = -d**3 + 14*d**2 + 17*d - 20. Let y be z(15). Let j(i) = -y*i - 9*i + 21*i - 2. What is j(-4)?
-10
Let p(r) = 3*r - 44. Let x be p(14). Let f be (7/((-21)/x))/(2/(-18)). Let m(z) = 3*z + 9. What is m(f)?
-9
Suppose -b + 2*n - 17 = -4*b, -5*b - 5*n + 30 = 0. Let a(v) = -b*v**2 - 10*v - 6 - v + 4*v**2. Let i be a(-10). Let k(d) = -d**2 + 6*d - 5. Give k(i).
3
Let r(g) be the third derivative of -g**4/12 - 5*g**3/6 + g**2. Suppose 3*v + 42 = 3*l, -l - 25 = -31. Give r(v).
11
Let m(y) = -19 - 10 + 27 - 7*y. Let o be ((-1)/3)/(1/9). Calculate m(o).
19
Let l = -19 + 42. Let o = 29 - l. Let b(s) = -s**2 + 7*s + 7. What is b(o)?
13
Let k(t) = -t - 1. Let p(q) = 3 + 4*q + 0*q + 1. Let m(n) = -7*k(n) - 2*p(n). Determine m(-7).
6
Let g(a) = -a**2 - a + 4. Let l be g(0). Let b be ((-12)/(-10))/((-6)/(-20)). Let q(t) = -3*t + 2 + b*t + 1. Give q(l).
7
Let h(v) be the first derivative of -v**4/8 + v**3/6 + 12*v**2 + 3. Let g(n) be the second derivative of h(n). Determine g(-4).
13
Let s(b) = -b**3 - 6*b**2 - 2*b - 9. Suppose 3*z - 1 = 5. Suppose 0 = -z*q + 15 - 17. Let m(i) = -8*i**2 - 2*i. Let p be m(q). Determine s(p).
3
Let i be 2/((-1)/((-14)/4) + 0). Suppose 0 = -i*z + 4*z + 6. Let d(y) be the first derivative of 2*y**2 - 3*y - 1. Calculate d(z).
5
Let u = -1 + 13. Suppose 0 + u = 2*j. Suppose -l = -j*l. Let w(z) = z**2 - z - 6. Determine w(l).
-6
Let v(f) = -4*f**3 + f**2 - 2*f + 1. Let n = -113 + 114. Determine v(n).
-4
Let o be 0/((-66)/(-30) + (-1)/5). Let k(q) = -2*q + 9. Give k(o).
9
Let s be -15*1*(-14)/21. Suppose -v + s = v. Let x(o) = 22*o - 2*o**2 + v - 4 - 18*o. Determine x(3).
-5
Let u be 2*(-2)/(20/15). Let f(r) = -r**3 - 4*r**2 - r + 3. Give f(u).
-3
Let p(i) be the third derivative of i**6/120 + i**5/6 - 5*i**4/12 + 5*i**3/3 - 67*i**2. Determine p(-11).
-1
Let f(p) = p**3 + 7*p**2 + 8*p + 5. Let a = 11 + -10. Let z(c) = 0 - c**2 - 6*c**2 + a. Let j be z(-1). What is f(j)?
-7
Let p(j) = j**3 - 8*j**2 - 4. Let n be p(8). Let k(d) = 0 - 2 - 2102*d + 2103*d. Calculate k(n).
-6
Let a(z) = -z - 3. Suppose -x - 5 + 3 = 0. Let n(y) = 17*y**2 - y + 6. Let t(h) = 21*h**2 - 2*h + 7. Let m(q) = -5*n(q) + 4*t(q). Let b be m(x). Give a(b).
-3
Let n(d) = 2*d**3 + 14*d**2 + 11*d. Let i be n(-6). Let l(r) = 2*r + 8. Give l(i).
20
Let h(f) = -26*f**2 - 14*f. Let k(o) = 9*o**2 + 5*o. Let n(m) = -m**2 - 18*m - 27. Let r be n(-16). Let p(x) = r*h(x) + 14*k(x). Give p(-1).
-4
Let i(w) = -2*w + 2. Let d be (-3)/(-1 - 3/(-12)). Suppose -d*h + 5*l + 17 = 0, -2*l = h - l - 2. What is i(h)?
-4
Let d(p) = 15*p**2 + 13*p - 9. Let i(f) = 22*f**2 + 19*f - 14. Let c(k) = 7*d(k) - 5*i(k). What is c(-4)?
-57
Let d(s) = -20*s - 24*s - 3 + s**3 - 4*s**2 + 44*s. Calculate d(4).
-3
Let j(u) = u**3 - 4*u**2 - 3*u - 5. Suppose 5*m + 88 = m. Let n = m + 34. Suppose 0*v = -3*v + n. Calculate j(v).
-17
Let l(v) = -2 + 0 + v - 5*v**2 + 1 + 3*v**2 + 3. Determine l(4).
-26
Let y be (21/(-9) + 3)*3.